{"id":7126,"date":"2026-01-13T11:20:36","date_gmt":"2026-01-13T11:20:36","guid":{"rendered":"https:\/\/mpsmaroc.com\/nos-produits\/?post_type=product&#038;p=7126"},"modified":"2026-01-13T11:20:36","modified_gmt":"2026-01-13T11:20:36","slug":"iclock880-zkteco","status":"publish","type":"product","link":"https:\/\/mpsmaroc.com\/nos-produits\/product\/iclock880-zkteco\/","title":{"rendered":"iClock880 &#8211; ZKTeco"},"content":{"rendered":"<p style=\"font-weight: 400;\"><b><strong>iClock880<\/strong><\/b>\u00a0Le terminal de\u00a0<b><strong>contr\u00f4le de pr\u00e9sence et d&#8217;acc\u00e8s<\/strong><\/b>\u00a0utilise la derni\u00e8re plate-forme de traitement hautes performances de\u00a0<b><strong>ZKTeco<\/strong><\/b>\u00a0et des algorithmes d&#8217;<b><strong>empreinte digitale\u00a0<\/strong><\/b>avanc\u00e9s pour am\u00e9liorer la vitesse d&#8217;identification.<\/p>\n<p style=\"font-weight: 400;\">Le terminal peut stocker jusqu&#8217;\u00e0 50000 mod\u00e8les d&#8217;empreintes digitales. Les fonctions suppl\u00e9mentaires incluent une cam\u00e9ra et un \u00e9cran TFT-LCD couleur 3,5 &#8220;.<\/p>\n<p style=\"font-weight: 400;\">Les interfaces de communication incluent Ethernet, Serial \/ 485 et USB-Host. La batterie de secours est standard pour fournir une protection en cas de panne de courant.<\/p>\n<p style=\"font-weight: 400;\">Proposant des fonctions de\u00a0<b><strong>contr\u00f4le d&#8217;acc\u00e8s<\/strong><\/b>\u00a0int\u00e9gr\u00e9es, il peut \u00eatre utilis\u00e9 dans les modes d&#8217;identification multifactoriels, notamment l&#8217;empreinte digitale, le mot de passe, la carte RFID ou toute autre combinaison.<\/p>\n<p style=\"font-weight: 400;\"><b><strong>CARACT\u00c9RISTIQUES\u00a0iClock880\u00a0ZKTECO :<\/strong><\/b><\/p>\n<ul>\n<li style=\"font-weight: 400;\">50 000 mod\u00e8les (1: N) et 800 000 enregistrements de transactions<\/li>\n<li style=\"font-weight: 400;\">\u00c9cran TFT 3,5 couleurs<\/li>\n<li style=\"font-weight: 400;\">La cam\u00e9ra interne prend en charge la capture et l&#8217;affichage (ou le stockage) de l&#8217;image de l&#8217;utilisateur<\/li>\n<li style=\"font-weight: 400;\">Batterie de secours standard<\/li>\n<li style=\"font-weight: 400;\">Lecteur de carte de proximit\u00e9 ou \u00e0 puce int\u00e9gr\u00e9 en option<\/li>\n<li style=\"font-weight: 400;\">Le port USB int\u00e9gr\u00e9 permet le transfert manuel des donn\u00e9es lorsque le r\u00e9seau n&#8217;est pas disponible<\/li>\n<li style=\"font-weight: 400;\">8 touches de fonction d\u00e9finies par l&#8217;utilisateur<\/li>\n<li style=\"font-weight: 400;\">Contacts de relais pour les applications de contr\u00f4le d&#8217;acc\u00e8s<\/li>\n<li style=\"font-weight: 400;\">Prise en charge multilingue<\/li>\n<li style=\"font-weight: 400;\">Audible Indications visuelles pour l\u2019acceptation \/ le rejet des doigts valides \/ non valides<\/li>\n<li style=\"font-weight: 400;\">Le SDK est disponible pour les clients OEM et les d\u00e9veloppeurs de log<\/li>\n<\/ul>\n","protected":false},"excerpt":{"rendered":"<p>iClock880\u00a0Le terminal de\u00a0contr\u00f4le de pr\u00e9sence et d&#8217;acc\u00e8s\u00a0utilise la derni\u00e8re plate-forme de traitement hautes performances de\u00a0ZKTeco\u00a0et des algorithmes d&#8217;empreinte digitale\u00a0avanc\u00e9s pour am\u00e9liorer la vitesse d&#8217;identification. Le terminal peut stocker jusqu&#8217;\u00e0 50000<\/p>\n","protected":false},"featured_media":7129,"comment_status":"open","ping_status":"closed","template":"","meta":{"_acf_changed":false,"pagelayer_contact_templates":[],"_pagelayer_content":""},"product_brand":[327],"product_cat":[311,312],"product_tag":[],"class_list":{"0":"post-7126","1":"product","2":"type-product","3":"status-publish","4":"has-post-thumbnail","6":"product_brand-zkteco","7":"product_cat-controle-dacces","8":"product_cat-presence-acces","10":"first","11":"instock","12":"shipping-taxable","13":"product-type-simple"},"acf":[],"_links":{"self":[{"href":"https:\/\/mpsmaroc.com\/nos-produits\/wp-json\/wp\/v2\/product\/7126","targetHints":{"allow":["GET"]}}],"collection":[{"href":"https:\/\/mpsmaroc.com\/nos-produits\/wp-json\/wp\/v2\/product"}],"about":[{"href":"https:\/\/mpsmaroc.com\/nos-produits\/wp-json\/wp\/v2\/types\/product"}],"replies":[{"embeddable":true,"href":"https:\/\/mpsmaroc.com\/nos-produits\/wp-json\/wp\/v2\/comments?post=7126"}],"wp:featuredmedia":[{"embeddable":true,"href":"https:\/\/mpsmaroc.com\/nos-produits\/wp-json\/wp\/v2\/media\/7129"}],"wp:attachment":[{"href":"https:\/\/mpsmaroc.com\/nos-produits\/wp-json\/wp\/v2\/media?parent=7126"}],"wp:term":[{"taxonomy":"product_brand","embeddable":true,"href":"https:\/\/mpsmaroc.com\/nos-produits\/wp-json\/wp\/v2\/product_brand?post=7126"},{"taxonomy":"product_cat","embeddable":true,"href":"https:\/\/mpsmaroc.com\/nos-produits\/wp-json\/wp\/v2\/product_cat?post=7126"},{"taxonomy":"product_tag","embeddable":true,"href":"https:\/\/mpsmaroc.com\/nos-produits\/wp-json\/wp\/v2\/product_tag?post=7126"}],"curies":[{"name":"wp","href":"https:\/\/api.w.org\/{rel}","templated":true}]}}