{"id":6900,"date":"2026-01-12T12:11:54","date_gmt":"2026-01-12T12:11:54","guid":{"rendered":"https:\/\/mpsmaroc.com\/nos-produits\/?post_type=product&#038;p=6900"},"modified":"2026-01-13T10:28:47","modified_gmt":"2026-01-13T10:28:47","slug":"fbl4222-pro-zkteco","status":"publish","type":"product","link":"https:\/\/mpsmaroc.com\/nos-produits\/product\/fbl4222-pro-zkteco\/","title":{"rendered":"FBL4222 Pro &#8211; ZKTeco"},"content":{"rendered":"<p style=\"font-weight: 400;\">Le\u00a0<b><strong>tourniquet<\/strong><\/b>\u00a0\u00e0 barri\u00e8re \u00e0 double voie\u00a0<b><strong>ZKTeco<\/strong><\/b>\u00a0FBL4222 est un syst\u00e8me de\u00a0<b><strong>contr\u00f4le d&#8217;entr\u00e9e<\/strong><\/b>\u00a0\u00e9l\u00e9gant et \u00e9conomique con\u00e7u pour un trafic intense. La s\u00e9rie\u00a0<b><strong>FBL4200<\/strong><\/b>\u00a0devrait fonctionner pour construire plusieurs voies.<\/p>\n<p style=\"font-weight: 400;\">Le\u00a0<b><strong>FBL4222<\/strong><\/b>\u00a0est un\u00a0<b><strong>tourniquet de barri\u00e8re d&#8217;aileron<\/strong><\/b> pour la s\u00e9rie suppl\u00e9mentaire de voie con\u00e7ue pour l&#8217;op\u00e9ration douce et silencieuse et consomme tr\u00e8s peu d&#8217;\u00e9nergie. Il est en acier inoxydable, ce qui rend tr\u00e8s durable.<\/p>\n<h4><strong>Description:<\/strong><\/h4>\n<p style=\"font-weight: 400;\"><b><strong>Les barri\u00e8res FBL4222<\/strong><\/b>\u00a0sont normalement maintenues en position verrouill\u00e9e, interdisant ainsi l&#8217;acc\u00e8s au c\u00f4t\u00e9 s\u00e9curis\u00e9. Lorsque le lecteur du FBL4222 (RFID et \/ ou empreinte digitale) reconna\u00eet positivement la carte d\u2019acc\u00e8s ou l\u2019empreinte digitale valide d\u2019un utilisateur, ses barri\u00e8res se r\u00e9tractent automatiquement vers le haut, permettant ainsi aux utilisateurs de passer du c\u00f4t\u00e9 s\u00e9curis\u00e9.<\/p>\n<p style=\"font-weight: 400;\">En cas d&#8217;urgence, les barri\u00e8res se r\u00e9tractent automatiquement vers le haut, \u00e9vitant ainsi aux utilisateurs d&#8217;\u00eatre pi\u00e9g\u00e9s. Une batterie de s\u00e9curit\u00e9 contre les coupures de courant peut \u00eatre install\u00e9e pour r\u00e9tracter automatiquement la barri\u00e8re.<\/p>\n<p style=\"font-weight: 400;\">Le\u00a0<b><strong>FBL4222<\/strong><\/b>\u00a0offre \u00e0 la fois s\u00e9curit\u00e9 et espace pratique, le tout dans un design compact tr\u00e8s durable et \u00e9l\u00e9gant.<\/p>\n<p style=\"font-weight: 400;\"><b><strong>FONCTION:<\/strong><\/b><\/p>\n<p style=\"font-weight: 400;\"><b><strong>Fiabilit\u00e9:<\/strong><\/b><\/p>\n<ul>\n<li style=\"font-weight: 400;\">Le bo\u00eetier en acier inoxydable SUS304 assure une durabilit\u00e9 \u00e0 long terme.<\/li>\n<li style=\"font-weight: 400;\">Composants \u00e9lectriques de haute qualit\u00e9.<\/li>\n<\/ul>\n<p style=\"font-weight: 400;\"><b><strong>Des dispositifs de s\u00e9curit\u00e9:<\/strong><\/b><\/p>\n<ul>\n<li style=\"font-weight: 400;\">Les barri\u00e8res se r\u00e9tractent automatiquement en cas d&#8217;urgence.<\/li>\n<li style=\"font-weight: 400;\">Les barri\u00e8res se r\u00e9tractent automatiquement en cas de panne de courant avec la batterie install\u00e9e.<\/li>\n<li style=\"font-weight: 400;\">Toute finition lisse. Pas de vis apparentes.<\/li>\n<li style=\"font-weight: 400;\">La conception ergonomique rend l&#8217;authentification par carte et<b><strong>empreinte digitale<\/strong><\/b>rapide et simple pour les utilisateurs.<\/li>\n<\/ul>\n<p style=\"font-weight: 400;\"><b><strong>Int\u00e9gration de lecteur int\u00e9gr\u00e9:<\/strong><\/b><\/p>\n<ul>\n<li style=\"font-weight: 400;\">La s\u00e9rie<b><strong>FBL4200<\/strong><\/b>est d\u00e9j\u00e0 int\u00e9gr\u00e9e avec la pr\u00e9f\u00e9rence de nos clients pour le lecteur de\u00a0<b><strong>contr\u00f4le d\u2019acc\u00e8s<\/strong><\/b>\u00a0par carte ou par empreinte digitale. Cela r\u00e9duit consid\u00e9rablement le temps et les d\u00e9penses d&#8217;installation.<\/li>\n<li style=\"font-weight: 400;\">La s\u00e9rie<b><strong>FBL4200<\/strong><\/b>et les\u00a0<b><strong>lecteurs de contr\u00f4le d&#8217;acc\u00e8s<\/strong><\/b>\u00a0associ\u00e9s sont tous test\u00e9s en usine avant l&#8217;exp\u00e9dition.<\/li>\n<li style=\"font-weight: 400;\"><b><strong>ZKTeco<\/strong><\/b>fournit de v\u00e9ritables\u00a0<b><strong>tourniquets<\/strong><\/b>\u00a0plug &amp; play avec le co\u00fbt total de possession le plus bas possible de l&#8217;industrie.<\/li>\n<\/ul>\n<p style=\"font-weight: 400;\"><b><strong>Simplification:<\/strong><\/b><\/p>\n<ul>\n<li style=\"font-weight: 400;\">LCD sur le panneau de commande de la barri\u00e8re de volet, op\u00e9ration facile.<\/li>\n<\/ul>\n","protected":false},"excerpt":{"rendered":"<p>Le\u00a0tourniquet\u00a0\u00e0 barri\u00e8re \u00e0 double voie\u00a0ZKTeco\u00a0FBL4222 est un syst\u00e8me de\u00a0contr\u00f4le d&#8217;entr\u00e9e\u00a0\u00e9l\u00e9gant et \u00e9conomique con\u00e7u pour un trafic intense. La s\u00e9rie\u00a0FBL4200\u00a0devrait fonctionner pour construire plusieurs voies. Le\u00a0FBL4222\u00a0est un\u00a0tourniquet de barri\u00e8re d&#8217;aileron pour<\/p>\n","protected":false},"featured_media":6903,"comment_status":"open","ping_status":"closed","template":"","meta":{"_acf_changed":false,"pagelayer_contact_templates":[],"_pagelayer_content":""},"product_brand":[327],"product_cat":[315,316,320],"product_tag":[],"class_list":{"0":"post-6900","1":"product","2":"type-product","3":"status-publish","4":"has-post-thumbnail","6":"product_brand-zkteco","7":"product_cat-acces-presence","8":"product_cat-controle-dentree","9":"product_cat-couloir-rapide","11":"first","12":"instock","13":"shipping-taxable","14":"product-type-simple"},"acf":[],"_links":{"self":[{"href":"https:\/\/mpsmaroc.com\/nos-produits\/wp-json\/wp\/v2\/product\/6900","targetHints":{"allow":["GET"]}}],"collection":[{"href":"https:\/\/mpsmaroc.com\/nos-produits\/wp-json\/wp\/v2\/product"}],"about":[{"href":"https:\/\/mpsmaroc.com\/nos-produits\/wp-json\/wp\/v2\/types\/product"}],"replies":[{"embeddable":true,"href":"https:\/\/mpsmaroc.com\/nos-produits\/wp-json\/wp\/v2\/comments?post=6900"}],"wp:featuredmedia":[{"embeddable":true,"href":"https:\/\/mpsmaroc.com\/nos-produits\/wp-json\/wp\/v2\/media\/6903"}],"wp:attachment":[{"href":"https:\/\/mpsmaroc.com\/nos-produits\/wp-json\/wp\/v2\/media?parent=6900"}],"wp:term":[{"taxonomy":"product_brand","embeddable":true,"href":"https:\/\/mpsmaroc.com\/nos-produits\/wp-json\/wp\/v2\/product_brand?post=6900"},{"taxonomy":"product_cat","embeddable":true,"href":"https:\/\/mpsmaroc.com\/nos-produits\/wp-json\/wp\/v2\/product_cat?post=6900"},{"taxonomy":"product_tag","embeddable":true,"href":"https:\/\/mpsmaroc.com\/nos-produits\/wp-json\/wp\/v2\/product_tag?post=6900"}],"curies":[{"name":"wp","href":"https:\/\/api.w.org\/{rel}","templated":true}]}}