{"id":6344,"date":"2025-12-29T10:56:09","date_gmt":"2025-12-29T10:56:09","guid":{"rendered":"https:\/\/mpsmaroc.com\/nos-produits\/?post_type=product&#038;p=6344"},"modified":"2025-12-29T10:56:09","modified_gmt":"2025-12-29T10:56:09","slug":"recepteur-de-microphone-true-diversity-a-2-canaux-2-micros-portables","status":"publish","type":"product","link":"https:\/\/mpsmaroc.com\/nos-produits\/product\/recepteur-de-microphone-true-diversity-a-2-canaux-2-micros-portables\/","title":{"rendered":"R\u00e9cepteur de microphone True Diversity \u00e0 2 canaux + 2 micros portables"},"content":{"rendered":"<h3 class=\"woocommerce-products-header__title title page-title\">R\u00e9cepteur de microphone True Diversity \u00e0 2 canaux + 2 micros portables<\/h3>\n<p>R\u00e9f:D5821<\/p>\n<p>\u25cf R\u00e9cepteur sans fil D5815 avec deux microphones \u00e0 main<br \/>\n\u25cf Conception PLL \u00e0 double canal.<br \/>\n\u25cfFonction de communication automatique de verrouillage num\u00e9rique PLL du canal UHF200.<br \/>\n\u25cfAdoptez l\u2019appariement de fr\u00e9quence IR.<br \/>\n\u25cfAvec \u00e9cran d\u2019affichage (pour afficher la fr\u00e9quence, le canal, le silencieux, le niveau, etc.).<br \/>\n\u25cfAvec contr\u00f4le du volume pour chaque canal.<br \/>\n\u25cf Sortie AF (utilisant des prises \u00ab\u00a0XLR\u00a0\u00bb pour une sortie s\u00e9par\u00e9e et une sortie mixte).<\/p>\n","protected":false},"excerpt":{"rendered":"<p>R\u00e9cepteur de microphone True Diversity \u00e0 2 canaux + 2 micros portables R\u00e9f:D5821 \u25cf R\u00e9cepteur sans fil D5815 avec deux microphones \u00e0 main \u25cf Conception PLL \u00e0 double canal. \u25cfFonction<\/p>\n","protected":false},"featured_media":6347,"comment_status":"open","ping_status":"closed","template":"","meta":{"_acf_changed":false,"pagelayer_contact_templates":[],"_pagelayer_content":""},"product_brand":[237],"product_cat":[291,289],"product_tag":[],"class_list":{"0":"post-6344","1":"product","2":"type-product","3":"status-publish","4":"has-post-thumbnail","6":"product_brand-dsspa","7":"product_cat-microphones","8":"product_cat-sonorisation","10":"first","11":"instock","12":"shipping-taxable","13":"product-type-simple"},"acf":[],"_links":{"self":[{"href":"https:\/\/mpsmaroc.com\/nos-produits\/wp-json\/wp\/v2\/product\/6344","targetHints":{"allow":["GET"]}}],"collection":[{"href":"https:\/\/mpsmaroc.com\/nos-produits\/wp-json\/wp\/v2\/product"}],"about":[{"href":"https:\/\/mpsmaroc.com\/nos-produits\/wp-json\/wp\/v2\/types\/product"}],"replies":[{"embeddable":true,"href":"https:\/\/mpsmaroc.com\/nos-produits\/wp-json\/wp\/v2\/comments?post=6344"}],"wp:featuredmedia":[{"embeddable":true,"href":"https:\/\/mpsmaroc.com\/nos-produits\/wp-json\/wp\/v2\/media\/6347"}],"wp:attachment":[{"href":"https:\/\/mpsmaroc.com\/nos-produits\/wp-json\/wp\/v2\/media?parent=6344"}],"wp:term":[{"taxonomy":"product_brand","embeddable":true,"href":"https:\/\/mpsmaroc.com\/nos-produits\/wp-json\/wp\/v2\/product_brand?post=6344"},{"taxonomy":"product_cat","embeddable":true,"href":"https:\/\/mpsmaroc.com\/nos-produits\/wp-json\/wp\/v2\/product_cat?post=6344"},{"taxonomy":"product_tag","embeddable":true,"href":"https:\/\/mpsmaroc.com\/nos-produits\/wp-json\/wp\/v2\/product_tag?post=6344"}],"curies":[{"name":"wp","href":"https:\/\/api.w.org\/{rel}","templated":true}]}}