{"id":6340,"date":"2025-12-29T10:53:22","date_gmt":"2025-12-29T10:53:22","guid":{"rendered":"https:\/\/mpsmaroc.com\/nos-produits\/?post_type=product&#038;p=6340"},"modified":"2026-01-08T17:13:27","modified_gmt":"2026-01-08T17:13:27","slug":"microphone","status":"publish","type":"product","link":"https:\/\/mpsmaroc.com\/nos-produits\/product\/microphone\/","title":{"rendered":"MICROPHONE"},"content":{"rendered":"<h3 class=\"woocommerce-products-header__title title page-title\">MICROPHONE<\/h3>\n<p>R\u00e9f:CM62<\/p>\n<p>Microphone \u00e0 condensateur de conf\u00e9rence \u00e0 base de m\u00e9tal<\/p>\n<p>Microphone \u00e0 condensateur CM62 Plug &amp; Play, facile \u00e0 utiliser<br \/>\n\u25cf Large r\u00e9ponse en fr\u00e9quence\u00a0: 80-13\u00a0000\u00a0Hz<br \/>\n\u25cf Imp\u00e9dance de sortie \u2264 200\u03a9<\/p>\n","protected":false},"excerpt":{"rendered":"<p>MICROPHONE R\u00e9f:CM62 Microphone \u00e0 condensateur de conf\u00e9rence \u00e0 base de m\u00e9tal Microphone \u00e0 condensateur CM62 Plug &amp; Play, facile \u00e0 utiliser \u25cf Large r\u00e9ponse en fr\u00e9quence\u00a0: 80-13\u00a0000\u00a0Hz \u25cf Imp\u00e9dance de<\/p>\n","protected":false},"featured_media":6343,"comment_status":"open","ping_status":"closed","template":"","meta":{"_acf_changed":false,"pagelayer_contact_templates":[],"_pagelayer_content":""},"product_brand":[237],"product_cat":[291,289],"product_tag":[],"class_list":{"0":"post-6340","1":"product","2":"type-product","3":"status-publish","4":"has-post-thumbnail","6":"product_brand-dsspa","7":"product_cat-microphones","8":"product_cat-sonorisation","10":"first","11":"instock","12":"sale","13":"shipping-taxable","14":"purchasable","15":"product-type-simple"},"acf":[],"_links":{"self":[{"href":"https:\/\/mpsmaroc.com\/nos-produits\/wp-json\/wp\/v2\/product\/6340","targetHints":{"allow":["GET"]}}],"collection":[{"href":"https:\/\/mpsmaroc.com\/nos-produits\/wp-json\/wp\/v2\/product"}],"about":[{"href":"https:\/\/mpsmaroc.com\/nos-produits\/wp-json\/wp\/v2\/types\/product"}],"replies":[{"embeddable":true,"href":"https:\/\/mpsmaroc.com\/nos-produits\/wp-json\/wp\/v2\/comments?post=6340"}],"wp:featuredmedia":[{"embeddable":true,"href":"https:\/\/mpsmaroc.com\/nos-produits\/wp-json\/wp\/v2\/media\/6343"}],"wp:attachment":[{"href":"https:\/\/mpsmaroc.com\/nos-produits\/wp-json\/wp\/v2\/media?parent=6340"}],"wp:term":[{"taxonomy":"product_brand","embeddable":true,"href":"https:\/\/mpsmaroc.com\/nos-produits\/wp-json\/wp\/v2\/product_brand?post=6340"},{"taxonomy":"product_cat","embeddable":true,"href":"https:\/\/mpsmaroc.com\/nos-produits\/wp-json\/wp\/v2\/product_cat?post=6340"},{"taxonomy":"product_tag","embeddable":true,"href":"https:\/\/mpsmaroc.com\/nos-produits\/wp-json\/wp\/v2\/product_tag?post=6340"}],"curies":[{"name":"wp","href":"https:\/\/api.w.org\/{rel}","templated":true}]}}